{"id":3,"date":"2026-04-01T20:44:35","date_gmt":"2026-04-01T20:44:35","guid":{"rendered":"http:\/\/lkcavhj.cluster100.hosting.ovh.net\/?page_id=3"},"modified":"2026-04-04T19:33:19","modified_gmt":"2026-04-04T19:33:19","slug":"mentions-legales","status":"publish","type":"page","link":"https:\/\/aubaelle.com\/index.php\/mentions-legales\/","title":{"rendered":"Mentions l\u00e9gales"},"content":{"rendered":"\t\t<div data-elementor-type=\"wp-page\" data-elementor-id=\"3\" class=\"elementor elementor-3\">\n\t\t\t\t<div class=\"elementor-element elementor-element-55bcc82 e-flex e-con-boxed e-con e-parent\" data-id=\"55bcc82\" data-element_type=\"container\" data-e-type=\"container\">\n\t\t\t\t\t<div class=\"e-con-inner\">\n\t\t\t\t\t\t\t<h2 \n\t\tdata-interaction-id=\"dc69df8\" \n\t\tclass=\"e-dc69df8-2824d7a e-heading-base\" \n\t\t \n\t\t\n\t>\n\t\n\t\t\t<strong id=\"e-mnjbhfs4-4md86ld\">Mentions l\u00e9gales<\/strong>\n\t\t<\/h2>\n\t\t\t\t\t<\/div>\n\t\t\t\t<\/div>\n\t\t<div class=\"elementor-element elementor-element-9658585 e-flex e-con-boxed e-con e-parent\" data-id=\"9658585\" data-element_type=\"container\" data-e-type=\"container\">\n\t\t\t\t\t<div class=\"e-con-inner\">\n\t\t\t\t<div class=\"elementor-element elementor-element-144c4357 elementor-widget elementor-widget-text-editor\" data-id=\"144c4357\" data-element_type=\"widget\" data-e-type=\"widget\" data-widget_type=\"text-editor.default\">\n\t\t\t\t\t\t\t\t\t<h3>\u00c9diteur<\/h3>\n<p>Le site <em><strong>Aubaelle.com <\/strong><\/em>est \u00e9dit\u00e9 par :<\/p>\n<p>Caroline RAMBERT<\/p>\n<p>SIRET :902 118 819 00025<\/p>\n<p>1640 Chemin Notre Dame 06220 Vallauris \u2013 Golfe Juan<\/p>\n<p>T\u00e9l : 07 61 96 93 96 \u2013 Mail : contact@hypnaum.fr<\/p>\n<p>pour Mickael Ben Tassil<\/p>\n<p>SIRET : 942 955 337 00012<\/p>\n<p>153 rue de Rome\u00a075017 Paris<\/p>\n<p>T\u00e9l : 06 25 57 68 47 \u2013 Mail : mickaelbentassil@gmail.com<\/p>\n<h3>H\u00e9bergeur<\/h3>\n<p>Le site <b><i><em><strong>Aubaelle.com<\/strong><\/em><\/i><\/b>\u00a0est h\u00e9berg\u00e9 par :<\/p>\n<p>OVH via WordPress<\/p>\n<p>Si\u00e8ge social : 2 rue Kellermann, 59100 Roubaix France<\/p>\n<h3>Acc\u00e8s au site<\/h3>\n<p>Le site <em><strong>Aubaelle.com<\/strong><\/em>\u00a0est accessible en tous lieux, 7j\/7j et 24h\/24h sauf cas de force majeure, interruption programme\u0301e ou non et pouvant de\u0301coulant d\u2019une ne\u0301cessite\u0301 de maintenance. En cas de modification, interruption ou suspension des services le site\u00a0<em><strong>Aubaelle.com<\/strong><\/em>\u00a0ne saurait e\u0302tre tenu responsable.<\/p>\n<h3>Cookies<\/h3>\n<p>L\u2019utilisateur est informe\u0301 que lors de ses visites sur le site, un cookie peut s\u2019installer automatiquement sur son logiciel de navigation.\u00a0En naviguant sur le site, il les accepte.<\/p>\n<p>Un cookie est un e\u0301le\u0301ment qui ne permet pas d\u2019identifier l\u2019utilisateur mais sert a\u0300 enregistrer des informations relatives a\u0300 la navigation de celui-ci sur le site Internet.<\/p>\n<p>L\u2019utilisateur pourra de\u0301sactiver ce cookie par l\u2019interme\u0301diaire des parame\u0300tres figurant au sein de son logiciel de navigation.<\/p>\n<h3>Conformit\u00e9 RGPD (r\u00e8glement g\u00e9n\u00e9ral sur la protection des donn\u00e9es) \/ collecte des donn\u00e9es<\/h3>\n<p>L\u2019unique fonctionnalit\u00e9 du site <strong>Aubaelle<\/strong><em><strong>.com <\/strong><\/em>concern\u00e9 par la collecte de donn\u00e9es de l\u2019utilisateur concerne l\u2019usage du formulaire de contact disponible sur au moins une page du site.<\/p>\n<p>Les informations recueillies sur ce formulaire sont enregistr\u00e9es dans un fichier informatis\u00e9 par<strong> Mickael Ben Tassil <\/strong>pour\u00a0<strong>r\u00e9pondre favorablement \u00e0 votre demande de prise de contact<\/strong>.<\/p>\n<p>Les donn\u00e9es collect\u00e9es seront communiqu\u00e9es au seul destinataire suivant : <strong>Mickael Ben Tassil.<\/strong><\/p>\n<p>Les donn\u00e9es sont conserv\u00e9es pendant une dur\u00e9e non d\u00e9finie (sauf demande de votre part). Les donn\u00e9es seront enregistr\u00e9es dans mon annuaire afin d\u2019avoir vos informations de contact.<\/p>\n<p>Vous pouvez acc\u00e9der aux donn\u00e9es vous concernant, les rectifier, demander leur effacement ou exercer votre droit \u00e0 la limitation du traitement de vos donn\u00e9es. Vous pouvez retirer \u00e0 tout moment votre consentement au traitement de vos donn\u00e9es. Vous pouvez \u00e9galement vous opposer au traitement de vos donn\u00e9es.<\/p>\n<p>Consultez le site\u00a0cnil.fr pour plus d\u2019informations sur vos droits.<\/p>\n<p>Pour exercer ces droits ou pour toute question sur le traitement de vos donn\u00e9es dans ce dispositif, vous pouvez nous contacter (cf. page contact).<\/p>\n<p>Si vous estimez, apr\u00e8s nous avoir contact\u00e9s, que vos droits \u00ab\u00a0Informatique et Libert\u00e9s\u00a0\u00bb ne sont pas respect\u00e9s, vous pouvez adresser une r\u00e9clamation \u00e0 la CNIL.<\/p>\n<h3>Propri\u00e9t\u00e9 intellectuelle<\/h3>\n<div class=\"page\" title=\"Page 1\">\n<div class=\"section\">\n<div class=\"layoutArea\">\n<div class=\"column\">\n<p>Toute utilisation, reproduction, diffusion, commercialisation, modification de toute ou partie du site <strong>Aubaelle.com<\/strong>, sans autorisation de l\u2019\u00c9diteur est prohibe\u0301e et pourra entrai\u0302ne\u0301e des actions et poursuites judiciaires telles que notamment pre\u0301vues par le Code de la proprie\u0301te\u0301 intellectuelle et le Code civ<\/p>\n<\/div>\n<\/div>\n<\/div>\n<\/div>\t\t\t\t\t\t\t\t<\/div>\n\t\t\t\t\t<\/div>\n\t\t\t\t<\/div>\n\t\t\t\t<\/div>\n\t\t","protected":false},"excerpt":{"rendered":"<p>Mentions l\u00e9gales \u00c9diteur Le site Aubaelle.com est \u00e9dit\u00e9 par : Caroline RAMBERT SIRET :902 118 819 00025 1640 Chemin Notre Dame 06220 Vallauris \u2013 Golfe Juan T\u00e9l : 07 61 96 93 96 \u2013 Mail : contact@hypnaum.fr pour Mickael Ben Tassil SIRET : 942 955 337 00012 153 rue de Rome\u00a075017 Paris T\u00e9l : 06 [&hellip;]<\/p>\n","protected":false},"author":1,"featured_media":0,"parent":0,"menu_order":0,"comment_status":"closed","ping_status":"closed","template":"","meta":{"footnotes":""},"class_list":["post-3","page","type-page","status-publish","hentry"],"_links":{"self":[{"href":"https:\/\/aubaelle.com\/index.php\/wp-json\/wp\/v2\/pages\/3","targetHints":{"allow":["GET"]}}],"collection":[{"href":"https:\/\/aubaelle.com\/index.php\/wp-json\/wp\/v2\/pages"}],"about":[{"href":"https:\/\/aubaelle.com\/index.php\/wp-json\/wp\/v2\/types\/page"}],"author":[{"embeddable":true,"href":"https:\/\/aubaelle.com\/index.php\/wp-json\/wp\/v2\/users\/1"}],"replies":[{"embeddable":true,"href":"https:\/\/aubaelle.com\/index.php\/wp-json\/wp\/v2\/comments?post=3"}],"version-history":[{"count":4,"href":"https:\/\/aubaelle.com\/index.php\/wp-json\/wp\/v2\/pages\/3\/revisions"}],"predecessor-version":[{"id":292,"href":"https:\/\/aubaelle.com\/index.php\/wp-json\/wp\/v2\/pages\/3\/revisions\/292"}],"wp:attachment":[{"href":"https:\/\/aubaelle.com\/index.php\/wp-json\/wp\/v2\/media?parent=3"}],"curies":[{"name":"wp","href":"https:\/\/api.w.org\/{rel}","templated":true}]}}